{"id":173,"date":"2011-03-06T21:04:25","date_gmt":"2011-03-06T21:04:25","guid":{"rendered":"http:\/\/meditationgraz.wordpress.com\/?page_id=173"},"modified":"2022-11-06T14:47:57","modified_gmt":"2022-11-06T14:47:57","slug":"kontakt","status":"publish","type":"page","link":"https:\/\/meditationgraz.com\/?page_id=173","title":{"rendered":"Kontakt"},"content":{"rendered":"<p>Meditation in Graz: Yon: 0650 2156800, Gabriele: 0664 4021261 sahaja.yoga.graz@gmx.net<\/p>\n<p>Meditation in K\u00f6flach: derzeit kein Kontakt<\/p>\n<p>Blog &#8211; Inhalt: Ronald, Heimo<\/p>\n<p>F\u00fcr Anfragen einfach anrufen oder im Blog die Schreibm\u00f6glichkeit benutzen. F\u00fcr automatische Infos \u00fcber Neuerungen nutze die M\u00f6glichkeit, den Blog zu abonnieren (E-mail Abo).<\/p>\n<p>Sahaja Yoga ist ein eingetragener gemeinn\u00fctziger Verein mit Sitz in Wien und finanziert sich \u00fcber freiwillige Spenden.<\/p>\n","protected":false},"excerpt":{"rendered":"<p>Meditation in Graz: Yon: 0650 2156800, Gabriele: 0664 4021261 sahaja.yoga.graz@gmx.net Meditation in K\u00f6flach: derzeit kein Kontakt Blog &#8211; Inhalt: Ronald, Heimo F\u00fcr Anfragen einfach anrufen oder im Blog die Schreibm\u00f6glichkeit benutzen. F\u00fcr automatische Infos \u00fcber Neuerungen nutze die M\u00f6glichkeit, den Blog zu abonnieren (E-mail Abo). Sahaja Yoga ist ein eingetragener gemeinn\u00fctziger Verein mit Sitz in [&hellip;]<\/p>\n","protected":false},"author":1,"featured_media":0,"parent":0,"menu_order":0,"comment_status":"open","ping_status":"open","template":"","meta":{"footnotes":""},"class_list":["post-173","page","type-page","status-publish","hentry","post-preview"],"_links":{"self":[{"href":"https:\/\/meditationgraz.com\/index.php?rest_route=\/wp\/v2\/pages\/173","targetHints":{"allow":["GET"]}}],"collection":[{"href":"https:\/\/meditationgraz.com\/index.php?rest_route=\/wp\/v2\/pages"}],"about":[{"href":"https:\/\/meditationgraz.com\/index.php?rest_route=\/wp\/v2\/types\/page"}],"author":[{"embeddable":true,"href":"https:\/\/meditationgraz.com\/index.php?rest_route=\/wp\/v2\/users\/1"}],"replies":[{"embeddable":true,"href":"https:\/\/meditationgraz.com\/index.php?rest_route=%2Fwp%2Fv2%2Fcomments&post=173"}],"version-history":[{"count":2,"href":"https:\/\/meditationgraz.com\/index.php?rest_route=\/wp\/v2\/pages\/173\/revisions"}],"predecessor-version":[{"id":746,"href":"https:\/\/meditationgraz.com\/index.php?rest_route=\/wp\/v2\/pages\/173\/revisions\/746"}],"wp:attachment":[{"href":"https:\/\/meditationgraz.com\/index.php?rest_route=%2Fwp%2Fv2%2Fmedia&parent=173"}],"curies":[{"name":"wp","href":"https:\/\/api.w.org\/{rel}","templated":true}]}}