{"id":7,"date":"2010-07-18T12:36:27","date_gmt":"2010-07-18T12:36:27","guid":{"rendered":"http:\/\/meditationgraz.wordpress.com\/"},"modified":"2010-07-18T12:36:27","modified_gmt":"2010-07-18T12:36:27","slug":"das-subtile-energiesystem","status":"publish","type":"page","link":"https:\/\/meditationgraz.com\/?page_id=7","title":{"rendered":"Das subtile Energiesystem"},"content":{"rendered":"<p><strong>Das subtile System: Weg durch die innere Evolution<\/strong><\/p>\n<p>Als Instrument unserer spirituellen Evolution, gewissermassen als Mechanismus der Erleuchtung, wohnt jedem Menschen ein subtiles System aus Energiezentren (Chakras) und Kan\u00e4len (Nadis) inne. Die wichtigste Aufgabe dieses Systems ist, uns Menschen den langen Weg der Evolution hindurch zu f\u00fchren und uns schliesslich unsere ultimative, spirituelle Dimension zu er\u00f6ffnen. Das System steuert und unterst\u00fctzt allerdings auch die \u00fcbrigen Aspekte menschlicher Existenz. So ist es als Letztursache verantwortlich f\u00fcr unser k\u00f6rperliches, emotionales, seelisches und geistiges Sein.<\/p>\n<p><strong>Die Chakras: Schaltzentralen des Zentralen Nervensystems<\/strong><\/p>\n<p>&#8220;Chakra&#8221;, ein Sanskrit-Wort, bedeutet w\u00f6rtlich &#8220;Rad&#8221;. Denn Chakras sind rund und in st\u00e4ndiger Drehbewegung, im Uhrzeigersinn. Dadurch geben sie Energie ab, die feinstofflichste und zugleich m\u00e4chtigste Energieform \u00fcberhaupt. Die Chakras sind Schaltzentralen, an denen sich unser Zentrales Nervensystem (ZNS) aufh\u00e4ngt &#8211; ihre grobstoffliche Entsprechung sind die Nervenplexen, \u00fcber die die Chakras die grob- und feinstofflichen Funktionen des menschlichen K\u00f6rpers und Bewusstseins steuern und beeinflussen.Es gibt sieben Hauptchakras , alle entlang der Wirbels\u00e4ule, wie Perlen an einer Schnur, angesiedelt. Jedes Chakra verk\u00f6rpert universelle Urprinzipien, die g\u00f6ttlich-kosmischen Ursprungs sind und als Grundmatrix allen Seins angesehen werden.<\/p>\n<p>Die sieben Chakras und die ihnen innewohnenden Urprinzipien sind:<\/p>\n<p>1. Mooladhara-Chakra.<\/p>\n<p>Urprinzip: kindliche Unschuld und Unbefangenheit, Weisheit.<\/p>\n<p>2. Swadisthana-Chakra.<\/p>\n<p>Urprinzip: Kreativit\u00e4t und reines Wissen<\/p>\n<p>3. Nabhi-Chakra.<\/p>\n<p>Urprinzip: Frieden, Rechtschaffenheit, reine Aufmerksamkeit und Meisterschaft.<\/p>\n<p>4. Herz-Chakra ( Anahata-Chakra )<\/p>\n<p>Urprinzip: Liebe, Mitgef\u00fchl und Vertrauen, Sitz des Inneren Selbst<\/p>\n<p>5. Vishuddhi-Chakra.<\/p>\n<p>Urprinzip: Kollektivit\u00e4t, Wahrhaftigkeit und Zeugenschaft.<\/p>\n<p>6. Agnya-Chakra.<\/p>\n<p>Urprinzip: Vergebung und Gedankenfreiheit.<\/p>\n<p>7. Sahasrara-Chakra.<\/p>\n<p>Urprinzip: Integration, Verbindung mit dem G\u00f6ttlichen, Meditation.Jedes der sieben Hauptchakras beinhaltet also als informativen Schatz die genannten Urprinzipien. H\u00f6herer Sinn und Zweck der Evolution ist die graduelle und schliesslich vollst\u00e4ndige Etablierung all dieser Qualit\u00e4ten im menschlichen Bewusstesein und Sein.<\/p>\n<p><strong>Die Nadis: Vergangenheit, Gegenwart und Zukunft.<\/strong><\/p>\n<p>Es gibt drei grunds\u00e4tzliche Befindlichkeiten der r\u00e4umlichen Existenz:<\/p>\n<p>Vergangenheit, Gegenwart und Zukunft. Diese sind widergespiegelt in den drei subtilen Energiekan\u00e4len, den Nadis:<\/p>\n<p>Auf unserer linken K\u00f6rperseite fliesst &#8220;linksseitige&#8221; Energie durch den Mond-Kanal (Ida- Nadhi). Sie beeinflusst Emotionen, Unterbewusstsein, Psyche und Vergangenheit. Der Mond-Kanal wird auch &#8220;weibliche Seite&#8221; genannt.<\/p>\n<p>Auf der rechten K\u00f6rperseite befindet sich der Sonnen-Kanal, die &#8220;m\u00e4nnliche Seite&#8221; (Pingala- Nadi): durch ihn fliesst physische, mentale, kreative und auf die Zukunft gerichtete Energie.<\/p>\n<p>Der mittlere Kanal (Sushumna-Nadi), der entlang der Wirbels\u00e4ule verl\u00e4uft, ist der Evolution und dem spirituellen Aufstieg vorbehalten. Seine Energie ist f\u00fcr uns Menschen die wichtigste. Sie kann aber erst dann wirken und unser Sein bestimmen, wenn die beiden anderen Kan\u00e4le im Gleichgewicht sind, wir also weder von unseren Emotionen (oder unserer Vergangenheit) noch von unseren Gedanken (oder der Zukunft) dominiert werden.Die Kundalini balanciert in der Meditation die beiden \u00e4usseren Kan\u00e4le aus. Dadurch kann die Energie des mittleren Kanals sich verst\u00e4rken und uns spirituelles Wachstum geben.<\/p>\n<p>Das subtile Energiesystem wird durch den Aufstrieg der Kundalini Kraft in uns gereinigt und gest\u00e4rkt. (siehe: &#8220;Die innere Kraft&#8221;)<\/p>\n","protected":false},"excerpt":{"rendered":"<p>Das subtile System: Weg durch die innere Evolution Als Instrument unserer spirituellen Evolution, gewissermassen als Mechanismus der Erleuchtung, wohnt jedem Menschen ein subtiles System aus Energiezentren (Chakras) und Kan\u00e4len (Nadis) inne. Die wichtigste Aufgabe dieses Systems ist, uns Menschen den langen Weg der Evolution hindurch zu f\u00fchren und uns schliesslich unsere ultimative, spirituelle Dimension zu [&hellip;]<\/p>\n","protected":false},"author":1,"featured_media":0,"parent":0,"menu_order":0,"comment_status":"open","ping_status":"open","template":"","meta":{"footnotes":""},"class_list":["post-7","page","type-page","status-publish","hentry","post-preview"],"_links":{"self":[{"href":"https:\/\/meditationgraz.com\/index.php?rest_route=\/wp\/v2\/pages\/7","targetHints":{"allow":["GET"]}}],"collection":[{"href":"https:\/\/meditationgraz.com\/index.php?rest_route=\/wp\/v2\/pages"}],"about":[{"href":"https:\/\/meditationgraz.com\/index.php?rest_route=\/wp\/v2\/types\/page"}],"author":[{"embeddable":true,"href":"https:\/\/meditationgraz.com\/index.php?rest_route=\/wp\/v2\/users\/1"}],"replies":[{"embeddable":true,"href":"https:\/\/meditationgraz.com\/index.php?rest_route=%2Fwp%2Fv2%2Fcomments&post=7"}],"version-history":[{"count":0,"href":"https:\/\/meditationgraz.com\/index.php?rest_route=\/wp\/v2\/pages\/7\/revisions"}],"wp:attachment":[{"href":"https:\/\/meditationgraz.com\/index.php?rest_route=%2Fwp%2Fv2%2Fmedia&parent=7"}],"curies":[{"name":"wp","href":"https:\/\/api.w.org\/{rel}","templated":true}]}}